?
True
Does 1168 divide 907397859?
False
Is 168071508 a multiple of 44?
True
Is 7 a factor of 175379790?
False
Is 2005 a factor of 319661160?
True
Is 120 a factor of 91540200?
True
Is 20 a factor of 385607040?
True
Is 114978168 a multiple of 2228?
True
Is 15 a factor of 32116575?
True
Is 368 a factor of 1533603279?
False
Does 20 divide 7634589?
False
Is 577634666 a multiple of 64?
False
Is 42923632 a multiple of 344?
True
Does 30 divide 4262727?
False
Is 674 a factor of 2927475864?
True
Is 26 a factor of 5151236480?
True
Is 489 a factor of 55424627?
False
Is 697138533 a multiple of 6279?
True
Does 2165 divide 257342725?
True
Is 60902547 a multiple of 23?
False
Is 54953637 a multiple of 689?
False
Does 814 divide 989198004?
False
Is 311 a factor of 114030016?
True
Does 45 divide 8871483195?
True
Is 914 a factor of 44285399?
False
Is 318997004 a multiple of 76?
True
Does 694 divide 507433368?
True
Does 13 divide 253348966?
True
Does 19 divide 7304113?
True
Is 1525 a factor of 14584052?
False
Is 85 a factor of 9544070?
False
Is 57159270 a multiple of 90?
True
Does 437 divide 5602777?
True
Does 1606 divide 689882777?
False
Does 369 divide 34572525?
False
Is 74 a factor of 620587361?
False
Is 106 a factor of 439686304?
True
Does 1001 divide 26689663?
True
Is 63 a factor of 96427505?
False
Does 7 divide 193379074?
True
Does 3073 divide 98206934?
True
Is 21114090 a multiple of 5?
True
Does 173 divide 136738785?
False
Is 1872889865 a multiple of 2035?
True
Is 248 a factor of 690432?
True
Is 771 a factor of 93445994?
False
Is 24249801 a multiple of 417?
True
Does 7276 divide 750216843?
False
Does 891 divide 4562798?
False
Is 367 a factor of 51710927?
False
Is 248669184 a multiple of 976?
True
Is 55 a factor of 49693325?
True
Is 29 a factor of 76098088?
True
Is 48364750 a multiple of 1906?
True
Is 56 a factor of 372968105?
False
Is 85 a factor of 401681057?
False
Is 389413422 a multiple of 6?
True
Is 39504981 a multiple of 8?
False
Does 18 divide 2517609924?
True
Is 10 a factor of 52379541?
False
Does 630 divide 1651860?
True
Does 124 divide 1011124315?
False
Is 262 a factor of 10465066?
True
Is 183557553 a multiple of 55?
False
Is 296611896 a multiple of 527?
False
Is 190877956 a multiple of 33?
False
Is 3985605 a multiple of 1755?
True
Is 2271 a factor of 96501603?
True
Is 236737236 a multiple of 18?
False
Is 110 a factor of 37097455?
False
Is 425366356 a multiple of 94?
True
Is 202542238 a multiple of 998?
False
Is 7 a factor of 18633171?
False
Is 940773991 a multiple of 129?
False
Is 27564388 a multiple of 57?
False
Is 60840278 a multiple of 22?
False
Is 10280 a factor of 7911044727?
False
Does 1438 divide 27375206?
True
Is 42178160 a multiple of 40?
True
Does 5770 divide 1678010650?
False
Does 35 divide 3542945?
True
Is 441122240 a multiple of 4940?
True
Does 143 divide 226071131?
True
Is 1741 a factor of 903157937?
False
Is 15 a factor of 6841?
False
Is 44924227 a multiple of 19?
True
Is 13217280 a multiple of 240?
True
Is 5 a factor of 47938670?
True
Is 208476669 a multiple of 3?
True
Does 20 divide 7008394340?
True
Is 34730226 a multiple of 9?
True
Is 3132796 a multiple of 15?
False
Is 236 a factor of 174086816?
True
Is 65271901 a multiple of 53?
False
Is 1326300146 a multiple of 32?
False
Is 1243 a factor of 307452321?
True
Is 212775261 a multiple of 261?
False
Is 5911 a factor of 22720439?
False
Is 186 a factor of 395286096?
False
Is 70707703 a multiple of 315?
False
Does 48 divide 27622560?
True
Does 1764 divide 4585678524?
True
Is 1933 a factor of 1012540496?
False
Does 1643 divide 385942307?
False
Is 28 a factor of 2879288782?
False
Is 136541880 a multiple of 90?
True
Is 5 a factor of 136295675?
True
Is 103626240 a multiple of 120?
True
Does 1935 divide 28434599?
False
Is 199945011 even?
False
Is 225 a factor of 14930100?
True
Is 5154799572 a multiple of 215?
False
Is 3079 a factor of 259280684?
False
Is 42 a factor of 184210656?
True
Is 2246810529 a multiple of 93?
True
Is 520 a factor of 162008080?
True
Is 752443513 a multiple of 24?
False
Is 2845 a factor of 125381995?
True
Is 7040 a factor of 776561280?
True
Does 133 divide 24296847?
False
Is 88 a factor of 1454816?
True
Is 3807 a factor of 488258125?
False
Is 973367911 a multiple of 133?
False
Is 532463474 a multiple of 1453?
True
Is 19 a factor of 41719170?
False
Is 782 a factor of 263457383?
False
Is 14 a factor of 1280703095?
False
Is 61462336 a multiple of 806?
True
Is 4608498432 a multiple of 96?
True
Is 372 a factor of 49655676?
True
Is 602 a factor of 149781814?
True
Is 1044 a factor of 9094088?
False
Is 296226700 a multiple of 682?
True
Is 9247567 a multiple of 73?
True
Does 707 divide 1601755162?
True
Is 25960367 a multiple of 337?
False
Is 765095143 a multiple of 15?
False
Is 8 a factor of 65638733?
False
Does 294 divide 102331345?
False
Is 160490608 a multiple of 837?
False
Is 58034250 a multiple of 90?
True
Is 58 a factor of 81044576?
False
Is 80 a factor of 1042058912?
False
Is 12 a factor of 129169200?
True
Is 202 a factor of 192538926?
True
Is 95 a factor of 93998130?
True
Is 408 a factor of 416296272?
True
Is 239534944 a multiple of 441?
False
Is 76208334 a multiple of 1566?
False
Does 83 divide 19193501?
True
Is 914 a factor of 131664442?
True
Is 3 a factor of 75131928?
True
Is 85 a factor of 937695350?
True
Is 101 a factor of 151991769?
True
Is 17836524 a multiple of 81?
True
Does 481 divide 211806833?
False
Is 76697352 a multiple of 13?
False
Is 7823 a factor of 2505927472?
False
Does 11 divide 126985000?
False
Does 99 divide 589416388?
False
Does 59 divide 47914584?
False
Is 403133900 a multiple of 100?
True
Is 176745592 a multiple of 23?
False
Does 404 divide 6453857176?
True
Is 244 a factor of 36548272?
True
Does 6 divide 58393730?
False
Is 4384 a factor of 899313522?
False
Does 4 divide 214670444?
True
Is 224295185 a multiple of 12?
False
Is 74559553 a multiple of 2?
False
Does 84 divide 204490998?
False
Does 25 divide 9149000?
True
Does 936 divide 204347170?
False
Is 487200916 a multiple of 1871?
True
Is 26 a factor of 10092575?
False
Does 89 divide 460903612?
False
Is 368434470 a multiple of 6?
True
Is 50316719 a multiple of 6?
False
Does 228 divide 4113348?
True
Is 7 a factor of 1492729731?
False
Is 189711870 a multiple of 7?
False
Is 229717290 a multiple of 1046?
True
Does 53 divide 16154082?
True
Is 60 a factor of 21742082?
False
Is 10615490 a multiple of 5?
True
Does 9 divide 135378207?
True
Is 746 a factor of 9484171?
False
Is 468 a factor of 33647416?
False
Does 255 divide 1426798?
False
Is 35447964 a multiple of 47?
True
Is 71917270 a multiple of 400?
False
Is 385935289 a multiple of 2?
False
Is 12 a factor of 1295948796?
True
Is 44859400 a multiple of 16?
False
Does 42 divide 300525540?
True
Is 2642 a factor of 560131977?
False
Is 5486811 a multiple of 33?
True
Is 22 a factor of 96063953?
False
Is 4688726 a multiple of 14?
True
Is 15 a factor of 544573275?
True
Does 8 divide 768109496?
True
Is 51 a factor of 165056145?
True
Is 990 a factor of 458038727?
False
Is 1626258 a multiple of 6?
True
Is 709 a factor of 2974067182?
False
Is 36875025 a multiple of 33?
True
Is 73 a factor of 8202134?
True
Is 364900458 a multiple of 39?
True
Is 16 a factor of 23790272?
True
Does 4 divide 55171572?
True
Is 2677 a factor of 3729997950?
True
Does 31 divide 142965707?
True
Is 49128410 a multiple of 983?
False
Is 134 a factor of 958640422?
True
Does 79 divide 26830928?
True
Is 45256097 a multiple of 5?
False
Does 78 divide 7835880?
True
Is 249205429 a multiple of 3487?
True
Is 8066 a factor of 1437009918?
False
Is 4383691086 a multiple of 11916?
False
Does 51 divide 924929625?
True
Is 1587 a factor of 20180058?
False
Does 2 divide 104201597?
False
Does 19 divide 12559254?
False
Does 143 divide 34864401?
True
Does 71 divide 1926356093?
False
Is 10 a factor of 119442228?
False
Does 920 divide 852024880?
True
Is 550954257 a multiple of 987?
True
Is 8584 a factor of 963225218?
False
Is 1751753735 a multiple of 40?
False
Is 188 a factor of 43349040?
True
Is 468625589 a multiple of 23?
False
Is 23 a factor of 141948111?
True
Does 4601 divide 1694930183?
True
Is 26828359 a multiple of 349?
False
Does 8375 divide 488996882?
False
Is 4 a factor of 666404536?
True
Does 1056 d